, 4259
List the prime factors of 8077556.
2, 1319, 1531
List the prime factors of 27105716.
2, 11, 61, 10099
List the prime factors of 4140758.
2, 17, 121787
List the prime factors of 28373537.
28373537
What are the prime factors of 4679990?
2, 5, 7, 9551
What are the prime factors of 1420757?
13, 293, 373
What are the prime factors of 3457400?
2, 5, 59, 293
List the prime factors of 234730.
2, 5, 23473
What are the prime factors of 409503?
3, 136501
What are the prime factors of 15215024?
2, 11, 29, 271
What are the prime factors of 223965?
3, 5, 7, 79
List the prime factors of 1797372.
2, 3, 49927
What are the prime factors of 255096?
2, 3, 1181
List the prime factors of 2709138.
2, 3, 451523
List the prime factors of 104507.
13, 8039
List the prime factors of 8050445.
5, 13, 123853
List the prime factors of 2039326.
2, 1019663
List the prime factors of 1266230.
2, 5, 7, 18089
List the prime factors of 6846676.
2, 1711669
List the prime factors of 4075161.
3, 1358387
What are the prime factors of 689916?
2, 3, 57493
What are the prime factors of 559593?
3, 97, 641
List the prime factors of 192537.
3, 2377
What are the prime factors of 1409303?
7, 201329
List the prime factors of 186234.
2, 3, 31039
What are the prime factors of 23642890?
2, 5, 2364289
List the prime factors of 636029.
79, 83, 97
What are the prime factors of 449129?
449129
List the prime factors of 19807951.
839, 23609
List the prime factors of 261285.
3, 5, 17419
List the prime factors of 5006967.
3, 7, 34061
List the prime factors of 5429618.
2, 139, 19531
List the prime factors of 2688019.
2688019
What are the prime factors of 2803518?
2, 3, 193, 269
List the prime factors of 131820.
2, 3, 5, 13
What are the prime factors of 10256762?
2, 67, 76543
List the prime factors of 151769.
151769
List the prime factors of 299161.
23, 13007
What are the prime factors of 1109963?
37, 131, 229
List the prime factors of 1207567.
83, 14549
List the prime factors of 1612761.
3, 537587
What are the prime factors of 137373?
3, 29, 1579
What are the prime factors of 53304?
2, 3, 2221
List the prime factors of 433563.
3, 13, 11117
What are the prime factors of 1089461?
1089461
What are the prime factors of 21183047?
43, 492629
What are the prime factors of 3595?
5, 719
What are the prime factors of 3590087?
3590087
What are the prime factors of 67638?
2, 3, 11273
What are the prime factors of 202971?
3, 29, 2333
What are the prime factors of 21888259?
21888259
What are the prime factors of 1112228?
2, 13, 73, 293
List the prime factors of 11170850.
2, 5, 31, 7207
List the prime factors of 11459261.
11, 19, 54829
What are the prime factors of 1013984?
2, 31687
List the prime factors of 19926449.
47, 307, 1381
List the prime factors of 274638.
2, 3, 7, 13, 503
What are the prime factors of 4209702?
2, 3, 7, 113, 887
What are the prime factors of 8018728?
2, 1002341
What are the prime factors of 4975918?
2, 2487959
List the prime factors of 58534.
2, 7, 37, 113
List the prime factors of 84230.
2, 5, 8423
What are the prime factors of 3358962?
2, 3, 17, 3659
What are the prime factors of 1868252?
2, 467063
List the prime factors of 5252441.
23, 9929
List the prime factors of 203342.
2, 293, 347
What are the prime factors of 437463?
3, 13, 3739
List the prime factors of 1566849.
3, 522283
List the prime factors of 7426263.
3, 13, 17, 23, 487
List the prime factors of 37618.
2, 7, 2687
List the prime factors of 780893.
743, 1051
What are the prime factors of 2741027?
179, 15313
What are the prime factors of 2764085?
5, 37, 67, 223
List the prime factors of 2452236.
2, 3, 204353
List the prime factors of 9855205.
5, 19, 227, 457
What are the prime factors of 893327?
31, 28817
List the prime factors of 111447.
3, 7, 29, 61
What are the prime factors of 1980793?
103, 19231
List the prime factors of 521420.
2, 5, 29, 31
List the prime factors of 518513.
67, 71, 109
List the prime factors of 218241.
3, 59, 137
What are the prime factors of 917742?
2, 3, 7, 21851
List the prime factors of 677820.
2, 3, 5, 11, 13, 79
List the prime factors of 495642.
2, 3, 7, 11801
List the prime factors of 103569.
3, 19, 23, 79
What are the prime factors of 1685326?
2, 47, 17929
What are the prime factors of 1029133?
7, 79, 1861
List the prime factors of 581691.
3, 11, 17627
List the prime factors of 2905712.
2, 181607
List the prime factors of 6302515.
5, 1019, 1237
What are the prime factors of 4206930?
2, 3, 5, 7, 13, 23, 67
List the prime factors of 17784881.
17784881
List the prime factors of 48916.
2, 7, 1747
What are the prime factors of 5026?
2, 7, 359
List the prime factors of 22152.
2, 3, 13, 71
List the prime factors of 1655679.
3, 19, 31, 937
List the prime factors of 136860.
2, 3, 5, 2281
List the prime factors of 2784756.
2, 3, 13, 17851
What are the prime factors of 1373182?
2, 109, 6299
List the prime factors of 4541498.
2, 13, 174673
What are the prime factors of 4666545?
3, 5, 13, 2659
List the prime factors of 2538289.
13, 195253
List the prime factors of 529376.
2, 71, 233
What are the prime factors of 5270035?
5, 1054007
What are the prime factors of 24551830?
2, 5, 2455183
What are the prime factors of 1723494?
2, 3, 17, 61, 277
What are the prime factors of 1340285?
5, 31, 8647
What are the prime factors of 16828981?
13, 229, 5653
What are the prime factors of 28419?
3, 9473
What are the prime factors of 267869?
7, 17, 2251
What are the prime factors of 430000?
2, 5, 43
What are the prime factors of 380710?
2, 5, 11, 3461
What are the prime factors of 3861298?
2, 7, 31, 41
What are the prime factors of 7361585?
5, 7, 11, 19121
List the prime factors of 21826709.
251, 86959
List the prime factors of 1567.
1567
List the prime factors of 71867.
71867
What are the prime factors of 6235136?
2, 6089
What are the prime factors of 463742?
2, 231871
What are the prime factors of 1338209?
23, 83, 701
List the prime factors of 119361.
3, 11, 3617
List the prime factors of 21490341.
3, 7163447
List the prime factors of 6422096.
2, 401381
List the prime factors of 1561713.
3, 520571
List the prime factors of 4437.
3, 17, 29
List the prime factors of 769497.
3, 256499
List the prime factors of 167025.
3, 5, 17, 131
List the prime factors of 215967.
3, 193, 373
List the prime factors of 168346.
2, 41, 2053
What are the prime factors of 6209509?
29, 277, 773
What are the prime factors of 203932?
2, 17, 2999
What are the prime factors of 771470?
2, 5, 7, 103, 107
List the prime factors of 34797.
3, 7, 1657
What are the prime factors of 1810003?
13, 37, 53, 71
List the prime factors of 6975842.
2, 3487921
What are the prime factors of 1078058?
2, 97, 5557
List the prime factors of 6007431.
3, 37, 54121
What are the prime factors of 222886?
2, 111443
What are the prime factors of 2179908?
2, 3, 19, 3187
What are the prime factors of 1595446?
2, 31, 25733
List the prime factors of 512616.
2, 3, 13, 31, 53
List the prime factors of 4182960.
2, 3, 5, 29, 601
What are the prime factors of 144810?
2, 3, 5, 1609
What are the prime factors of 131536?
2, 8221
List the prime factors of 8312245.
5, 1662449
List the prime factors of 6527899.
7, 932557
What are the prime factors of 5568356?
2, 1392089
List the prime factors of 12279699.
3, 1103, 1237
List the prime factors of 2967511.
37, 139, 577
List the prime factors of 605546.
2, 67, 4519
What are the prime factors of 2387937?
3, 795979
What are the prime factors of 2302346?
2, 23, 50051
What are the prime factors of 297350?
2, 5, 19, 313
List the prime factors of 405069.
3, 7, 19289
List the prime factors of 4914233.
103, 47711
What are the prime factors of 1345978?
2, 337, 1997
List the prime factors of 1582774.
2, 791387
List the prime factors of 647550.
2, 3, 5, 1439
What are the prime factors of 13352243?
13352243
List the prime factors of 1289704.
2, 13, 12401
What are the prime factors of 1428418?
2, 31, 23039
What are the prime factors of 451918?
2, 31, 37, 197
What are the prime factors of 990553?
29, 34157
List the prime factors of 4182979.
4182979
What are the prime factors of 155991?
3, 11, 29, 163
What are the prime factors of 4556593?
599, 7607
What are the prime factors of 10528648?
2, 13, 67, 1511
List the prime factors of 1814540.
2, 5, 7, 13, 997
Lis